 Let f(c) = -c**3 - 2 + 4 + 3*c + 5*c**2 - 2*c**2. What is f(d)?
-2
Let b be 10*(7/(-2) + 4). Suppose z - 4 = -b. Let h be z/(-4) + (-108)/(-16). Let l(o) = o**2 - 9*o + 6. Determine l(h).
-8
Suppose -6*k - k = -98. Let o(q) be the third derivative of q**5/60 - 13*q**4/24 - 2*q**3 + 40*q**2. Let g be o(k). Let c(y) = -3*y**2 + 2*y + 2. What is c(g)?
-6
Let h(y) = -y - 10. Let s be (-18)/((1 - -4)*(-36)/180 + 3). Give h(s).
-1
Suppose 15 = -5*d + 5. Let v(z) = -5 - 6*z + 7 + 3*z + 16*z**2. Let y(a) = 32*a**2 - 7*a + 5. Let p(s) = d*y(s) + 5*v(s). Calculate p(1).
15
Let d be ((-4)/(-6))/((-36)/(-162)). Suppose -15 = -2*u - 6*i + d*i, u = -5*i - 3. Let h(m) = 8*m - 5 + m - u*m. What is h(-4)?
7
Let j(t) be the first derivative of 66*t**2 - 127*t**2 + 62*t**2 + 61. Calculate j(-2).
-4
Let t = 130 - 130. Suppose 6*a - 4*a + 4*z - 10 = t, 2*a + 5*z - 10 = 0. Let m(w) = 33*w**2 - 20*w**2 + 2 - w**3 - 8*w**2 - w. What is m(a)?
-3
Let l(u) = u**3 - 15*u**2 + 337*u - 4005. Let b be l(13). Let m(c) = 10*c - 380. Calculate m(b).
0
Let l(k) = -k + 1. Let p be 0 + (2 + 1 - 2). Let x be l(p). Let t(z) = 335219*z**3 + 5 - 1 - 335220*z**3 + z**2. Determine t(x).
4
Suppose 15*j - 17 = 13. Suppose -j*p + 2*o = 2*p + 26, 3*p - 5*o = -37. Let n(z) = -z**3 - 5*z**2 - 5*z - 5. What is n(p)?
-1
Let w(b) = 0*b + 5*b + 2*b. Let v = -9 + 3. Let t be (1/3)/(v/(-18)). Determine w(t).
7
Let q(m) = 4*m**3 - 3*m**3 - 14*m - 2 + m**2 + 16*m + 7*m**2 - 8. Give q(-7).
25
Let k(v) be the second derivative of 0 - 106*v - 3/2*v**2 + 5/6*v**3. Give k(6).
27
Suppose -316*g - 926 = 998 - 660. Let w(m) = m**3 - 3*m**2 - 2*m + 8. Determine w(g).
-96
Suppose -2*c = h - 15, 2*h + 12 = -2*h. Let n(m) = c*m + 42*m**2 + 41*m**2 + 38*m**2 + 35*m**2 - 155*m**2. Calculate n(-7).
-14
Let u(x) be the first derivative of 2*x**3/3 - x**2/2 - x - 23. Let j(q) = q - 2. Let p be j(4). Calculate u(p).
5
Let f(l) = 4 + 4*l**2 + 2*l + 12*l - 2*l**2. Let b be f(-7). Let u(k) = -4*k**2 + 6*k**2 - 4 + 5 + b*k + 0. Calculate u(-3).
7
Let f(a) be the second derivative of 2*a**3/3 + 23*a**2 + 2*a - 75. What is f(-15)?
-14
Suppose -33*z + 37*z + 12 = 4*o, -4*z - 5*o + 15 = 0. Let l(m) be the second derivative of z - 5/12*m**4 + 16*m - 1/2*m**2 + 0*m**3. Give l(-1).
-6
Suppose -4*b - 4*p + 12 = 0, 0*p - 4*p = 0. Suppose 0 = 399*v - 392*v - 69839. Let y(x) = 2 - 2 - v*x + 9971*x. Give y(b).
-18
Let x(b) = 4347*b - 4*b**2 + 0*b**2 + 24 - 2069*b - 2203*b. What is x(19)?
5
Let f(p) be the third derivative of -p**6/720 - p**4/24 - 7*p**3/6 - 22*p**2. Let h(c) be the second derivative of f(c). Give h(-5).
5
Let q(b) be the first derivative of b**2/2 + 11*b + 608. Give q(9).
20
Let k be (-41 - -14)/((-5)/10). Let w(t) = -50 - 45 - 4*t - k - t**2 + 162. Determine w(-7).
-8
Let d(v) = v**3 - 7*v**2 + 4*v - 30. Let b be d(7). Let f(x) = 3*x**2 - 2*x + 0*x**2 - 2 - 5*x**2. Determine f(b).
-6
Let v(f) be the second derivative of -f**5/20 - 2*f**4/3 - 5*f**3/3 - 5*f**2 - 137*f - 7. Determine v(-6).
-22
Let i(b) = -b**2 + b. Let l(g) = 6*g**2 - 5*g - 2. Let n(f) = 5*i(f) + l(f). Suppose 2*q - 3 = j + 1, -5*q = -3*j - 8. Suppose 0 = -j*c - 0*c. Give n(c).
-2
Let o(i) be the first derivative of 0*i + 1 - 1/2*i**2. Let t be ((-3)/(-7))/((-11)/44*32/56). Determine o(t).
3
Let d(l) be the third derivative of 137*l**2 - 1/60*l**5 + 0*l + 0 + 1/8*l**4 + 1/6*l**3. Give d(4).
-3
Let z(s) = -1 - 5 - 2 + 8 - 8*s. Let t = 40 - 24. Suppose u = 6*u + 3*x - 12, x + t = 5*u. Determine z(u).
-24
Let g(v) = -4 + 2 - 2*v - 25*v + 4. What is g(1)?
-25
Suppose 12 = 185*y - 189*y. Let v(f) = -3*f + 1. Let x(g) = 12*g + 4. Let l(a) = y*v(a) - x(a). Determine l(8).
-31
Let u(j) = j**3 + 8*j**2 + j - 21. Let x be (-497)/70 + 6/27 + (-22)/180. Determine u(x).
21
Let a(x) = -12 - 10 - 2*x + 10 - 5. Let p be (-5)/(50/348) + (-2)/10. Let m = p - -28. Calculate a(m).
-3
Let z be (-2)/3*12/(-5 - -1). Suppose -5*t - 4 = -2*g, -4*t - z = 4*g - 10. Let c(s) = s**3 + 3*s**2 + t*s**2 - 16 + 3*s**2 - 7*s + 21. Determine c(-7).
5
Let x(y) be the third derivative of y**6/120 + y**5/20 - y**4/8 - y**3 + 87*y**2. Suppose -5*g = 4*u + 12, 4*g + g - 5*u + 30 = 0. Determine x(g).
-10
Suppose 0 = 3*b, 0 = -p + 4*p + b + 5 + 7. Let s(q) = q**3 + 3*q**2 - 3*q - 9. Give s(p).
-13
Let c(t) = -15*t - 15. Let o = 152 - 150. Let b(s) = -s - 1. Let x(k) = o*c(k) - 33*b(k). What is x(-5)?
-12
Let s(g) = g**2 + 7*g - 27. Suppose -u = -p, -1 = 4*p + u + 24. Let l(b) = 2*b**3 + 10*b**2 + b - 5. Let i be l(p). Determine s(i).
3
Let l = 27 - 15. Let f = 18 - l. Let r(g) = -f*g + 4*g + 7*g + g**3 + 6*g**2. Calculate r(-5).
0
Let a(r) = 190*r - 183*r + 32*r**2 - 31*r**2 + 6. Let k = -12 + 8. What is a(k)?
-6
Let h(q) = -9*q**3 - 7*q**2 + 2*q - 15. Let n(v) be the first derivative of 5*v**4/2 + 2*v**3 - v**2 + 13*v + 120. Let m(j) = 6*h(j) + 7*n(j). Give m(1).
15
Let x(j) be the third derivative of -j**4/24 + 7*j**3/2 - 7*j**2 + 42*j. What is x(6)?
15
Let r(d) = -23*d**2 - 178 + 208 - 22*d + 78*d**3 - 79*d**3. Give r(-22).
30
Let y(v) = -4*v**3 - 33*v**2 + 28*v - 9. Let r(n) = n**3 + 8*n**2 - 7*n + 2. Let t(u) = -u - 4. Let a be t(5). Let j(p) = a*r(p) - 2*y(p). Give j(-7).
0
Let a(b) = b**2 + 1. Let u(c) = 7*c**2 + 11*c + 6. Let t(w) = -w**2 - 26*w - 148. Let m be t(-9). Let y(d) = m*a(d) - u(d). Calculate y(-6).
-7
Let x(a) = a + 2. Let v(r) = r**3 - 3*r**2 - 11*r - 1. Let u be v(5). Let z = -4 - u. Suppose p + 4 = j, 0 - 4 = z*p - j. Determine x(p).
2
Let r(k) = -38*k**3 - 25*k**2 + k - 15. Let p(v) = -89*v**3 - 53*v**2 - 31. Let n(b) = 3*p(b) - 7*r(b). Calculate n(16).
-100
Let v(f) = -10*f + 0*f - 3*f - 3835778*f**2 - 25 + 3835777*f**2. Calculate v(-12).
-13
Suppose 0 = 94*z - 103*z + 18. Let u be 1*-6*(-2)/24*z. Let n(w) = -8*w**2 + 2*w - 1. Calculate n(u).
-7
Let i be (-23 + 13)*(-15)/6. Suppose 0 = -0*m - 4*m + 16. Suppose m*l + l + i = 0. Let z(y) = y + 3. Determine z(l).
-2
Suppose 170*o + 5 = 175. Let a(z) = -1 + 3*z + 15*z**3 + 2*z - z - 2*z. Calculate a(o).
16
Suppose n - t = 5, -5*n - 2 = 2*t - 20. Suppose n*h + 9*h = -104. Let i(p) = p**2 + 5*p - 6. Give i(h).
18
Let l(c) = -4*c - 41. Let q = 295 + -301. What is l(q)?
-17
Let w(z) = -z**3 - 3*z**2 - 3*z - 2. Let f(m) = -10*m + 58. Let r(g) = -g**3 - 8*g**2 + 17*g - 24. Let h be r(-10). Let a be f(h). Determine w(a).
0
Suppose 2*c - 272 + 220 = 0. Let u(y) = 0*y + y - 23 + 6 + c. Determine u(-7).
2
Suppose 4*g = 5*w + 59, 1849*g - 8 = 1848*g + 2*w. Let k(f) = -f**3 + 24*f**2 + 48*f + 32. What is k(g)?
-72
Let b(m) = m**2 + 6*m - 7. Let z be -4*(3/4)/(2/(-4)). Let x = z - 4. Suppose -5*s = x*f + 11, 7*s - 2*s + 3 = -f. What is b(f)?
9
Let t = 347 - 347. Let s(n) be the first derivative of -6 + 1/3*n**3 - 7*n + 1/2*n**2. Determine s(t).
-7
Let o(c) be the first derivative of 32*c**3/3 - 3*c**2/2 - 2*c + 5739. What is o(2)?
120
Let q = 228 - 51. Let o(s) = -6 - q*s**2 - s**3 - 3*s + 3 + 3 + 184*s**2. Suppose 0 = -l + 2*l - 6. Give o(l).
18
Let t(d) = -2*d**3 - 52*d**2 + 3*d + 82. Let f be t(-26). Let b(i) be the first derivative of -5*i + f*i**2 - 1/4*i**4 - 4/3*i**3 + 18. Calculate b(-6).
19
Let g(c) = -22*c**3 + c + 1. Suppose -213*n + 227*n = -14. Give g(n).
22
Let r(y) = -12*y**2 + 6*y + 4*y + 0*y - 88 + y**3 + 99. Determine r(11).
0
Let z = 6156 + -6142. Let g(j) = -6*j + 16. Calculate g(z).
-68
Suppose -2*y - 63 + 55 = -7*a, -2*a + 8 = 0. Let o(s) = 11*s - 117. Calculate o(y).
-7
Let m(i) be the first derivative of 1/6*i**4 - 9*i**2 - 1/60*i**5 + 21 - 1/6*i**3 + 0*i. Let f(g) be the second derivative of m(g). Calculate f(4).
-1
Let t(c) = c**3 + 23*c**2 + 22*c. Let n(h) = -3*h**2 - 12*h + 14. Let w be n(-6). Let z be t(w). Let v(j) = 4*j - 5. What is v(z)?
-5
Let y(x) = -2*x**2 - 7*x + 10. Let m = 327 - 332. Determine y(m).
-5
Let o be (-65)/(-5)*(10 + -9). Let b(m) = 4 - 21*m - 3 - 20*m - o + 46*m. Calculate b(8).
28
Let g(w) = 9 + 2*w**3 + 9*w**2 - 231*w + 233*w - 6*w**3. Let x(i) = 3*i**3 - 8*i**2 - 8. Let b(m) = -4*g(m) - 5*x(m). Suppose -12 = -5*s - 42. What is b(s)?
-20
Let d(b) = -7*b**3 + 6*b**2 + 16*b + 14. Let v = 464 - 463. Let z(l) = -l**3 + 2*l**2 + l + 1. Let u(y) = v*d(y) - 6*z(y). Give u(-7).
-13
Let d(a) = -a**2 - 4*a + 1. Let h be (-17)/(136/80) - -7. Let g be d(h). Let b(i) be the first derivati